19 prime?
True
Is 397209847 prime?
True
Is 1018441 a prime number?
False
Is 17152727 prime?
False
Is 110749 a prime number?
True
Is 8118833 a prime number?
False
Is 17279161 a prime number?
True
Is 7287451 prime?
True
Is 6054479 a composite number?
False
Is 23525519 composite?
False
Is 2992397 composite?
True
Is 310242437 a composite number?
True
Is 61404631 a prime number?
False
Is 18870931 composite?
False
Is 8053921 prime?
True
Is 2411957 prime?
True
Is 258977041 a prime number?
True
Is 46571523 prime?
False
Is 1481353 a prime number?
True
Is 194377042 a composite number?
True
Is 1048343 prime?
True
Is 136204401 prime?
False
Is 60758443 prime?
True
Is 6077254 composite?
True
Is 584418085 a composite number?
True
Is 46647169 a composite number?
False
Is 27442645 a prime number?
False
Is 1568087 prime?
True
Is 1518863 composite?
False
Is 462004483 a composite number?
False
Is 8718353 composite?
True
Is 8409829 composite?
False
Is 12133805 composite?
True
Is 8488807 a composite number?
True
Is 705228007 composite?
True
Is 124163569 a prime number?
True
Is 8001727 prime?
True
Is 5701629 a composite number?
True
Is 315717 prime?
False
Is 2003801 composite?
False
Is 420388723 a composite number?
False
Is 22475363 a composite number?
False
Is 398963203 a prime number?
False
Is 10785139 a composite number?
True
Is 96290393 a composite number?
False
Is 367334807 a prime number?
False
Is 80747 composite?
False
Is 14049937 composite?
True
Is 19012349 prime?
True
Is 33936737 prime?
False
Is 14214747 composite?
True
Is 545640377 prime?
True
Is 1978959 a composite number?
True
Is 698615461 prime?
True
Is 27730219 a composite number?
True
Is 1471957 a composite number?
True
Is 2649193 prime?
True
Is 3444053 a prime number?
True
Is 5691793 a prime number?
True
Is 268156697 prime?
False
Is 49448179 prime?
False
Is 67267667 a composite number?
False
Is 126159707 a prime number?
False
Is 13232211 a composite number?
True
Is 719137 prime?
False
Is 1706723 prime?
False
Is 3930019 a composite number?
True
Is 51569047 a composite number?
True
Is 7496701 prime?
True
Is 21118003 a composite number?
True
Is 233746021 a composite number?
False
Is 4403393 prime?
True
Is 4768493 composite?
False
Is 23512919 composite?
False
Is 18588443 a prime number?
False
Is 3866813 a composite number?
True
Is 13201715 composite?
True
Is 190743127 composite?
False
Is 8452889 composite?
True
Is 16176721 a prime number?
False
Is 13870585 a composite number?
True
Is 18806281 composite?
True
Is 2448107 a prime number?
True
Is 6471313 composite?
False
Is 174588119 a prime number?
True
Is 1375481 prime?
True
Is 353739863 a prime number?
True
Is 51767437 a composite number?
True
Is 224874163 a prime number?
False
Is 266389219 composite?
False
Is 2456677 prime?
False
Is 376480145 prime?
False
Is 2504441 a prime number?
True
Is 325727 composite?
True
Is 1494289 a prime number?
True
Is 3298657 a prime number?
True
Is 2021321 prime?
True
Is 1471487 composite?
False
Is 33288089 a composite number?
False
Is 72640489 prime?
True
Is 50557127 composite?
True
Is 3151153 composite?
False
Is 145355879 prime?
True
Is 4771 a composite number?
True
Is 1062487 a prime number?
False
Is 4375603 prime?
True
Is 8158099 composite?
True
Is 476916563 a prime number?
True
Is 296299 composite?
False
Is 369229379 a composite number?
False
Is 940607 composite?
False
Is 126754919 prime?
True
Is 31948463 composite?
False
Is 506801647 a composite number?
True
Is 2964077 composite?
False
Is 1908749 a prime number?
True
Is 203898113 a prime number?
True
Is 535919 a prime number?
True
Is 1014049977 a composite number?
True
Is 722459 composite?
False
Is 63211 a composite number?
False
Is 804742 a prime number?
False
Is 18853249 composite?
True
Is 240302351 a composite number?
False
Is 21940439 a prime number?
False
Is 75472447 prime?
False
Is 1124917 a prime number?
False
Is 17050127 prime?
True
Is 33241133 prime?
False
Is 826202773 a composite number?
True
Is 353711987 a prime number?
True
Is 56791481 composite?
False
Is 9613481 prime?
True
Is 312047 composite?
False
Is 44077861 prime?
True
Is 667526213 prime?
False
Is 4741547 a composite number?
False
Is 15943 a prime number?
False
Is 7209217 a composite number?
True
Is 651320803 prime?
False
Is 63289711 composite?
True
Is 3539743 prime?
True
Is 72509197 prime?
False
Is 7409509 a composite number?
True
Is 8865023 prime?
False
Is 5361322 composite?
True
Is 108638911 a prime number?
False
Is 5239279 prime?
False
Is 36450185 prime?
False
Is 5357662 a prime number?
False
Is 122914067 a composite number?
False
Is 187811339 prime?
True
Is 23300903 prime?
True
Is 15378403 a prime number?
False
Is 13321067 a prime number?
False
Is 499507259 a composite number?
False
Is 614366609 prime?
True
Is 81750151 composite?
True
Is 2830253 composite?
True
Is 179996959 a prime number?
True
Is 743651539 prime?
True
Is 12020851 a prime number?
True
Is 3386353 prime?
True
Is 908353 a composite number?
False
Is 5927177 composite?
False
Is 244921 a prime number?
False
Is 15955957 prime?
True
Is 386713 prime?
True
Is 9172343 composite?
False
Is 2440387 composite?
False
Is 8804839 a prime number?
False
Is 4428146 a composite number?
True
Is 16061951 prime?
True
Is 25646755 a composite number?
True
Is 400832665 prime?
False
Is 134141899 prime?
False
Is 24337861 prime?
True
Is 6944971 a prime number?
False
Is 659191 prime?
False
Is 8965897 prime?
True
Is 15747973 composite?
True
Is 2763889 a prime number?
False
Is 11372362 composite?
True
Is 21781703 prime?
True
Is 5934343 a composite number?
True
Is 290655059 composite?
False
Is 24464135 composite?
True
Is 9180859 a composite number?
False
Is 690479 composite?
True
Is 190147 composite?
False
Is 46816859 composite?
False
Is 761212079 a prime number?
True
Is 112807133 composite?
False
Is 4877651 prime?
True
Is 181220285 a composite number?
True
Is 405037447 composite?
False
Is 8064499 prime?
True
Is 11991937 prime?
True
Is 46426691 composite?
False
Is 48384083 composite?
True
Is 36194527 prime?
True
Is 140641 prime?
False
Is 25879759 composite?
False
Is 14969 prime?
True
Is 131381923 a composite number?
True
Is 134372102 prime?
False
Is 1186439 composite?
False
Is 11764801 composite?
False
Is 1192651 a prime number?
True
Is 1425733 a composite number?
False
Is 896845 composite?
True
Is 875011 a composite number?
False
Is 461473 prime?
False
Is 51138781 prime?
False
Is 152005363 a prime number?
True
Is 8526759 composite?
True
Is 1107619 prime?
True
Is 15661667 a prime number?
False
Is 6442903 a prime number?
False
Is 3968833 prime?
False
Is 18677845 a composite number?
True
Is 2102101 prime?
False
Is 4353833 a composite number?
True
Is 16495147 a prime number?
True
Is 14036317 prime?
True
Is 203113237 prime?
True
Is 24351571 composite?
False
Is 1088266181 prime?
True
Is 179450881 composite?
False
Is 160309951 a composite number?
True
Is 1973317 a composite number?
False
Is 14902322 a prime number?
False
Is 1719397 composite?
True
Is 127862717 a composite number?
True
Is 76579 composite?
False
Is 10957847 a prime number?
True
Is 128455853 a composite number?
False
Is 9672973 prime?
True
Is 140111 composite?
False
Is 69095002 composite?
True
Is 21856337 a composite number?
False
Is 31392187 prime?
False
Is 139705 a composite number?
True
Is 9028321 a prime number?
False
Is 10619209 prime?
True
Is 9320749 a composite number?
False
Is 2170835 a prime number?
False
Is 10544563 composite?
True
Is 1725909 prime?
False
Is 4502701 a composite number?
True
Is 3384401 prime?
False
Is 8399621 a composite number?
False
Is 205215997 a composite number?
True
Is 35662849 composite?
True
Is 1813421 composite?
False
Is 80515831 composite?
True
Is 1343113 prime?
True
Is 8012639 prime?
True
Is 841905563 a composite number?
False
Is 875377 prime?
True
Is 1253323 composite?
False
Is 9769289 a composite number?
True
Is 468002793 composite?
True
Is 17329021 composite?
True
Is 4353131 composite?
False
Is 12681769 composite?
False
Is 30701243 composite?
True
Is 222818 a prime number?
False
Is 7287321 a composite number?
True
Is 25301 a composite number?
False
Is 117225187 prime?
False
Is 79869661 a prime number?
True
Is 24354293 prime?
False
Is 2204929 a composite number?
